41?
2217
In base 15, what is 0 + -ec9668?
-ec9668
In base 10, what is 2 - 94682466?
-94682464
In base 8, what is -3772156315 - 5?
-3772156322
In base 3, what is -2021022220 + 10110220?
-2010212000
In base 6, what is 111351300 + 3?
111351303
In base 16, what is -69e - 1917?
-1fb5
In base 2, what is -10101 - -10010110110101101110000?
10010110110101101011011
In base 3, what is 21 - 10011120212200210?
-10011120212200112
In base 4, what is -20213203201221 - 2?
-20213203201223
In base 3, what is 20120 + -2220202100?
-2220111210
In base 12, what is 4523 + 672?
4b95
In base 2, what is -11 - 1101101101010111001011000?
-1101101101010111001011011
In base 16, what is a + -42669?
-4265f
In base 3, what is 10021121110 + -220102?
10020201001
In base 13, what is 42b5b1c4 - 5?
42b5b1bc
In base 7, what is -124532 - 6023?
-133555
In base 4, what is 21120 - -2010131022?
2010212202
In base 16, what is 23 + -40d5a?
-40d37
In base 8, what is 207 + 1237136?
1237345
In base 14, what is 127c3 + 84d?
13232
In base 9, what is -5348 - 6061?
-12420
In base 13, what is 600663 + -a?
600656
In base 4, what is -1303212 + -111332111?
-113301323
In base 3, what is -1212101221022 + 22?
-1212101221000
In base 10, what is 3973676 + -27?
3973649
In base 12, what is 14333b + 1037?
144376
In base 10, what is 148958 + -187?
148771
In base 9, what is 1 + 240662?
240663
In base 3, what is -111 + 200122101010?
200122100122
In base 14, what is bd222a + 0?
bd222a
In base 16, what is -164657f - 1?
-1646580
In base 6, what is -5312 + -551332?
-1001044
In base 4, what is -1101113 + -11032013?
-12133132
In base 13, what is b096 - -716?
b7ac
In base 14, what is -10 - -37b96a?
37b95a
In base 9, what is -23228 + 1288?
-21830
In base 11, what is 266146a - a1?
2661379
In base 4, what is -2031111310 + 102?
-2031111202
In base 11, what is -1 + -117aa56?
-117aa57
In base 2, what is 11001111010110000 + 1010010011010?
11011001101001010
In base 14, what is -59409a - 0?
-59409a
In base 5, what is 42400430 - -421?
42401401
In base 8, what is 55 + 42565544?
42565621
In base 6, what is 112 + 1200?
1312
In base 10, what is 15 + 526054?
526069
In base 15, what is 39b6d - 17c?
399e1
In base 12, what is -49304b + 32?
-493019
In base 10, what is 3074676 - -5?
3074681
In base 9, what is 67 - 84682?
-84614
In base 10, what is 3841434 - 87?
3841347
In base 3, what is -1011120201002122 + 102?
-1011120201002020
In base 3, what is -2121122100 - 1012?
-2121200112
In base 9, what is 853368 - -15?
853384
In base 4, what is 1003010311 - -22201?
1003033112
In base 2, what is 1 - -10001101011100100001100010?
10001101011100100001100011
In base 16, what is -1a2dcd7 - 0?
-1a2dcd7
In base 14, what is -972 - -bd91?
b41d
In base 14, what is bab - 21297?
-204ca
In base 2, what is 111101100 + -1011100010110000?
-1011011011000100
In base 5, what is -304 - 32030323?
-32031132
In base 14, what is 1536ba + -15?
1536a5
In base 3, what is -11 - -1121100100020221?
1121100100020210
In base 2, what is -1000000111000 - 11011000110100?
-100011001101100
In base 14, what is 6a8a34 + -c?
6a8a26
In base 4, what is 21102220 - -23?
21102303
In base 13, what is -28 + -28a804?
-28a82c
In base 15, what is 10558db7 - 3?
10558db4
In base 12, what is -a753703 + 5?
-a7536ba
In base 11, what is 4482787 - 2?
4482785
In base 2, what is 1110 - 111011111100?
-111011101110
In base 13, what is -aa - a7135?
-a7212
In base 14, what is a6c8 - 2bd?
a409
In base 5, what is -130230 - 1020442?
-1201222
In base 4, what is -120111032320332 - 1?
-120111032320333
In base 3, what is 1021212002122100 + 10?
1021212002122110
In base 2, what is -10010010001100001111 - -1001?
-10010010001100000110
In base 12, what is -17bbb994 + 9?
-17bbb987
In base 2, what is 10000000000 - 1010101010000011111?
-1010101000000011111
In base 15, what is -111 + 1e28c?
1e17b
In base 6, what is -132334 + -404?
-133142
In base 5, what is -1 - 1022124321?
-1022124322
In base 16, what is 2495 - -aa?
253f
In base 6, what is -1 + -120145103?
-120145104
In base 10, what is -18322 - 169?
-18491
In base 8, what is -476 + -4722?
-5420
In base 8, what is 3251 - 47010?
-43537
In base 5, what is -1121022 + -432402?
-2103424
In base 12, what is -2012121 - -3?
-201211a
In base 14, what is 45c5 + 4da?
4ac1
In base 8, what is 3 - -11265772?
11265775
In base 13, what is 40 + 3569609?
3569649
In base 3, what is 0 + -211200202100?
-211200202100
In base 5, what is -13413230322 + 11?
-13413230311
In base 13, what is 2833 + 437?
2c6a
In base 11, what is -22 - -23930?
23909
In base 8, what is -22231 + 7255?
-12754
In base 14, what is -144b1 + -43db?
-188ac
In base 10, what is 1605 - -4667?
6272
In base 10, what is 2828 + 7291?
10119
In base 16, what is 4 - -183155?
183159
In base 2, what is 1011100001101011 + -11011000?
1011011110010011
In base 7, what is -3 + -204404534?
-204404540
In base 4, what is -3 + 112202113021?
112202113012
In base 6, what is -101345120 + -10?
-101345130
In base 3, what is 0 - -121111200000210202?
121111200000210202
In base 10, what is 1750 + -62294?
-60544
In base 12, what is 436 + 8282?
86b8
In base 13, what is -4 + 9b9c076?
9b9c072
In base 10, what is 4110 + 1739?
5849
In base 16, what is -f7 - -598b10?
598a19
In base 7, what is 11442251 + -565?
11441353
In base 9, what is -53046733 + -2?
-53046735
In base 14, what is -4 - 2473723?
-2473727
In base 2, what is 101 - 100011011000011100010100101?
-100011011000011100010100000
In base 6, what is -52211503 + 154?
-52211305
In base 14, what is 31053d + 3?
310542
In base 12, what is 2 - 95a0b41?
-95a0b3b
In base 9, what is 2577 + 837?
3525
In base 15, what is 2d30 - -697?
34c7
In base 9, what is -2174262 - 2?
-2174264
In base 6, what is 2014145325 + -5?
2014145320
In base 9, what is 5 + -25360454?
-25360448
In base 12, what is -41592 + 192b?
-3b863
In base 2, what is -1000110101 - -100001111011100111?
100001110010110010
In base 2, what is 101101100010010000011000 + 1000?
101101100010010000100000
In base 12, what is -462 + 18041?
1779b
In base 2, what is 1010000101 + -10100101111111?
-10011011111010
In base 14, what is -362a - -105d2?
ada6
In base 14, what is 25432a - 3?
254327
In base 10, what is 11 + 1701819?
1701830
In base 3, what is 201112 + -2021100010?
-2020121121
In base 7, what is 30165416 - -30?
30165446
In base 7, what is -53641446 - 3?
-53641452
In base 14, what is -55008b7 - -3?
-55008b4
In base 5, what is -22 + 32222401140?
32222401113
In base 13, what is -17a - -26622?
26475
In base 4, what is 12003213 + -10200010?
1203203
In base 13, what is 460cb0 + -5b?
460c52
In base 14, what is -9c6 - -1ac7?
1101
In base 11, what is -2933a0 + -53?
-293443
In base 7, what is 51 - -5320655?
5321036
In base 2, what is 1010100101000110000 + 1110100?
1010100101010100100
In base 13, what is -2 - -a39687?
a39685
In base 10, what is 3 + -1087289?
-1087286
In base 7, what is 20 + -2602630?
-2602610
In base 2, what is -10 - -111011011101001100110010?
111011011101001100110000
In base 3, what is -10 - 121000011010?
-121000011020
In base 7, what is -4 + -1266612514?
-1266612521
In base 4, what is 1313 + 11313300231?
11313302210
In base 11, what is 7 - -5088067?
5088073
In base 12, what is -3 + -573bb4?
-573bb7
In base 3, what is -2210 - 102011100000?
-102011102210
In base 12, what is -1b472 + 83?
-1b3ab
In base 16, what is 37e + d3d8f?
d410d
In base 13, what is -10b03 + 502?
-10601
In base 7, what is -40 + -2136162?
-2136232
In base 6, what is 2 - -1245431433?
1245431435
In base 14, what is -645a82 + 21?
-645a61
In base 9, what is 33442 + 621?
34163
In base 12, what is 74 + -643a0?
-64328
In base 10, what is 19 - 7400588?
-7400569
In base 13, what is -c2b + -126b3?
-13611
In base 10, what is 1410887 + 18?
1410905
In base 9, what is -3 - 1144357?
-1144361
In base 14, what is -4051 + -52?
-40a3
In base 15, what is 196a + 648?
20b3
In base 16, what is 7 - -255695?
25569c
In base 9, what is -5 - -670536?
670531
In base 5, what is -41433 - -4044314?
4002331
In base 4, what is 3223311111301 - 3?
3223311111232
In base 8, what is -135606 + 57?
-135527
In base 9, what is -157320 - -706?
-156513
In base 3, what is -200222220102 - 1000210?
-201000221012
In base 7, what is -563051563 + 5?
-563051555
In base 9, what is -8503 - -21357?
11754
In base 3, what is -1020202110 -